+ 5*m - 3. Let l be 1*(0 - -3 - -1). Suppose -8 + 0 = l*b. Calculate j(b).
-4
Let g(a) be the third derivative of -1/24*a**4 - 1/20*a**5 - a**2 + 0 - 2/3*a**3 - 1/120*a**6 + 0*a. Let s = 6 + -9. Give g(s).
-1
Let b(t) be the second derivative of t**5/20 - 2*t**4/3 + 4*t**3/3 + 18*t. Calculate b(7).
7
Let f be 12/2*(0 + -1). Let s(p) = p**3 - 14*p**2 + 14*p - 12. Let l be s(13). Let t(c) = -2 + 4*c - 6*c - l. Determine t(f).
9
Let j(w) = -w - 7. Let v = 6 + -16. Let x = -22 - v. Let k = 9 + x. Give j(k).
-4
Let t(o) = 4*o - 1 - 1 - o - 4*o. Give t(-5).
3
Let o(i) = -2*i**3 - 4*i**2 - 7*i - 3. Let k(g) = 3*g**3 + 8*g**2 + 14*g + 6. Let m(b) = 3*k(b) + 5*o(b). Give m(6).
-27
Let u = -80 + 83. Let l(j) = -5*j**2. Let y(b) = -4*b**2. Let k(x) = 5*l(x) - 6*y(x). Determine k(u).
-9
Let l(b) be the first derivative of 5*b**4/4 + 2*b**3/3 - b**2/2 - 2. Let o be (-3 - -4)*1 - 0. Give l(o).
6
Let b be -3 + 5 + 1*2. Let t = 2 - -10. Suppose -4*f - t = 4*d + 12, -b*f + d = 19. Let i(w) = -w**2 - 5*w + 7. Give i(f).
7
Let b(f) = 2*f + 1. Let s be ((-5)/15)/(1/(-9)). What is b(s)?
7
Let g(s) = -s**2 + 3*s + 1. Suppose 2*x = -6*j + 2*j + 38, 3*x = -4*j + 55. Suppose -62 = -3*b - x. Suppose -5*u = b, f - 3 = -f - u. What is g(f)?
1
Let a(r) = 4*r + 3. Let s be -2 - -4 - (-2 + 1). Suppose 0 = 5*d + u + 19, s*d - 1 = -4*u - 9. Let f = d + 2. Calculate a(f).
-5
Let n(g) = 2*g**2 - 2*g - 1. Let t = -19 - -29. Let r be 5/t + 9/6. Determine n(r).
3
Let r(v) = 13*v + 11*v + 17*v - 40*v. Suppose 4*m + 10 = 2. What is r(m)?
-2
Let m be (-4 - -1) + (-3 - -7). Let p(i) = 2*i**2 - i + 1. Calculate p(m).
2
Let b(l) be the second derivative of -l**4/24 - l**3/3 - 3*l**2 - 3*l. Let s(o) be the first derivative of b(o). Determine s(-4).
2
Let b(x) = -x - 9. Suppose -25*f = -24*f + 5. Calculate b(f).
-4
Let o(h) = h**3 - 3*h**2 - 2*h. Suppose -42 - 28 = 5*z. Let s be z/35 + (-44)/(-10). What is o(s)?
8
Let i(c) = 2 + 2*c - c**2 + 0*c**2 - 8*c. Let f(r) = -r**2 - 16*r + 30. Let v be f(-18). Calculate i(v).
2
Let b(o) = -o**2 - 4*o - 5. Let k be b(-4). Let v(q) = -q + 10. Let g be v(6). Let l(m) = -6*m**2 + 3 - g*m + 4 - 1 - m**3. Calculate l(k).
1
Let n(g) = g**2 - 5*g - 2. Let x(h) = h. Let s(p) = n(p) + 4*x(p). Suppose 0 = -4*w - u + 7, 4 = -4*w - 3*u + 9. Let t be 132/(-77) + w/(-7). Determine s(t).
4
Let n(h) = h + 4. Let z = 63 + -70. Calculate n(z).
-3
Let b(j) = -j**3 - 5*j**2 - 2*j - 7. Let h be -1 + 16/(-12)*3. Calculate b(h).
3
Let c(y) = y**2 - 6*y + 4. Suppose -b + 5*w = 0, 4*w - 2*w = 2*b. Suppose -i + 5 = -b*i. Determine c(i).
-1
Let a be 34/6 + 1/3. Let j(z) = z - 7. Let t be j(a). Let h(s) = 3*s**3 + 2*s**2 - 1. Calculate h(t).
-2
Let v be 6/(6/(-1 - 2)). Let h(c) = -c**2 - 4*c + 3. What is h(v)?
6
Let m be ((-4)/2)/((-4)/10). Suppose 10 = -3*l + 13. Let j(u) = -3 + 3 - l + u + 0. What is j(m)?
4
Let o(y) = -y**2 + 5*y - 1. Suppose -3*c = 3*s - 9, 5*c + 4*s - 9*s - 5 = 0. Suppose -9 = -u - c*m, 0 = 5*u - 2*u - 5*m - 71. Suppose 4*x - 3 = u. Give o(x).
-1
Let x be 1 + (-3 - (1 - 2)). Let a(n) be the third derivative of 1/24*n**6 + 0 + 0*n**4 + 0*n**3 + n**2 + 0*n + 0*n**5. Determine a(x).
-5
Let t(f) = -f**2 + f + 1. Let o(l) = -2*l**2 + 7*l + 7. Let b(x) = -o(x) + 3*t(x). Let v(d) = -d + 2. Let n be v(6). Give b(n).
-4
Let o(l) = -l**3 + 7*l + 1. Let a(k) = -k**3 + k**2 + 7*k + 1. Let m(g) = 5*a(g) - 6*o(g). Let t be 1*2 + (-2 - 6). Determine m(t).
5
Let c be (-18)/4*14/(-21). Let o(a) = -2*a**2 - 7*a**3 - 2*a**2 + 2*a**2 - 2*a + 6*a**c. Calculate o(-2).
4
Suppose 4*h = -h + 70. Let m = h + -8. Let s(r) = r**2 - 7*r - 1. What is s(m)?
-7
Let a(j) = j**2 + 0*j**2 + 6 + 0. Let h be 2/(-5) + 2/5. Calculate a(h).
6
Let u(g) = -g - 45*g**2 + 2 + 41*g**2 - 1 + 0*g**3 - g**3. What is u(-4)?
5
Let n(z) be the first derivative of -z**3/3 + 4. Let h be ((-1)/(-2))/(1/(-2)). Let k(j) = -5*j**2 - 4*j - 2. Let r(w) = h*k(w) + 6*n(w). Determine r(4).
2
Let g(t) = 15 + t + 17 - 31. Suppose 0 = -2*w, -5 = -y + 4*w - 1. Calculate g(y).
5
Let r(k) = -7*k**2 + 13*k - 11. Let m(w) = 4*w**2 - 6*w + 5. Let f(i) = -9*m(i) - 4*r(i). What is f(1)?
-7
Let i(n) = -30*n**2 + 19*n**2 + 6*n**2. Let q(l) = l**3 - 7*l**2 + 5*l + 7. Let w be q(6). Give i(w).
-5
Let b(v) = 7*v**2 - v**3 - 3*v**2 - 1 + 6*v - 6. Let f(m) = -4*m - 3. Let d be f(-2). What is b(d)?
-2
Let b = 11 + -8. Let o(l) = l + 1. Let r be o(b). Let u(q) = -3*q**2 + 6*q**2 - r*q**2 + 1. Give u(-1).
0
Let h be (-3)/(-3 - (-9)/6). Let i be -4 + h + -3 + 1. Let q(u) = -u**2 - 5*u + 4. Determine q(i).
8
Let t(l) = -7*l. Let b(f) = 22*f. Let s be (-6 + 3)*1 + -2. Let r(i) = s*b(i) - 16*t(i). Give r(-2).
-4
Let u be (1/1)/(5 + -6). Let p(v) = 706*v**2 - 1 - 706*v**2 - 10*v**3. Calculate p(u).
9
Let u(k) be the first derivative of k**2/2 - 3*k + 1. Let q be 2/(-8) + (-69)/12. Let b = -1 - q. Determine u(b).
2
Let s = -1 - -3. Suppose h = -0*h - 3, s*h = u - 6. Suppose -k = -0*k - 4*x + 7, u = -3*x + 6. Let r(t) = -5*t**2 - 2*t + 1. Determine r(k).
-6
Let q(d) = -5*d - 4. Let a(x) = x + 6. Let h be a(-10). Determine q(h).
16
Let x(n) = -n + 6. Let s(p) be the second derivative of p**3/2 - 3*p**2/2 - p. Let w be s(4). Let o be 3/w + 1/(-3). Give x(o).
6
Let i(j) be the third derivative of 0*j - 1/24*j**4 - 2*j**2 - 1/6*j**3 + 0. What is i(5)?
-6
Let j(i) = i**2 + 5*i - 11. Let p be j(-6). Let h(v) = 5*v**2 + 2 + 5*v + 4 - 4*v + v**3. Calculate h(p).
1
Suppose -4*z + 9*z + 10 = 0. Let w(x) = -2*x. Give w(z).
4
Let o(q) = 0*q**2 + 4 - q**2 - 5 - 3*q. Let f = -28 - -27. Let k be (-1 - 3) + 0/f. What is o(k)?
-5
Let f(j) = -j + 3. Suppose -b - 6 = -4*x, -4*b - 2 = 3*x - 8*x. Let k be -1 - (-9)/(x - -1). Calculate f(k).
1
Let w(n) be the first derivative of -n**4/2 + 4*n**3/3 - 3*n**2/2 + 2*n - 3. Let f be w(2). Let p(c) = 4 - 2 + 5*c**2 - 3 + c**3 + 3*c. Determine p(f).
3
Let l(y) = -y**3 - 7*y**2 - 4*y + 14. Let h be l(-6). Let d(c) be the first derivative of c**4/4 + c**3/3 - 2*c**2 + 3*c - 2. Calculate d(h).
7
Let o(v) be the first derivative of v**6/120 - v**5/12 + v**4/4 + 3*v**2/2 + 3. Let f(g) be the second derivative of o(g). What is f(4)?
8
Suppose -2*v = -4*h - h - 31, 0 = 5*h + 3*v + 16. Let p(l) = l**2 + l + 1. Let g(y) = -6*y**2 - 11*y + 2. Let u(m) = h*p(m) - g(m). Give u(-7).
0
Let z(b) be the first derivative of b**6/360 + b**5/60 - b**4/4 - b**3 + 3. Let v(d) be the third derivative of z(d). Give v(-5).
9
Let s(y) = 3*y + 3. Let a(p) = -p**2 - p + 6. Let u be a(0). Let i(g) = g**3 - 6*g**2 - g + 8. Let m be i(u). Let h be 1 - 2 - 4/m. What is s(h)?
-6
Suppose 5*c = 3*v - 5 + 2, -5*v + 2*c = -5. Let l be ((-5)/15)/(v/3). Let z(f) = -2*f**2 + f. What is z(l)?
-3
Suppose -15 = -2*n - 3*n. Suppose -5*c + n*d = 40, c - 2*d + 25 = -2*c. Let v(g) = g**2 + 5*g - 1. Determine v(c).
-1
Let n(v) = -6*v**3 - v**2. Suppose 2*a = 2*f, -5*f + 2 - 4 = -3*a. Give n(f).
5
Let z(a) be the third derivative of a**5/120 + a**4/4 + a**3/2 + 10*a**2. Let s(o) be the first derivative of z(o). Determine s(6).
12
Let l(v) = v**2 - v**3 - 356 + 356 + v. Suppose 0*n + n = 2. Determine l(n).
-2
Let n = 12 - 10. Let d(z) be the third derivative of 0*z**4 + 0*z + 1/30*z**5 - 1/6*z**3 + n*z**2 - 1/24*z**6 + 0. Determine d(-1).
6
Suppose 0 = -y + 4*z - 0*z + 10, -4*z - 12 = -2*y. Suppose l = -y*l + 9. Let c(x) = 2*x - 4. Calculate c(l).
2
Let i be 17/2 + 3/(-2 + 8). Let r(t) = t**2 - 10*t - 3. What is r(i)?
-12
Let y = 162 - 161. Let p(u) = -u**2 - u - 3. Let f(d) = -d - 4. Let x(r) = 3*f(r) - 4*p(r). Calculate x(y).
5
Suppose -7*h = -10*h, 5*y + 4*h - 15 = 0. Let s(p) be the second derivative of 3/2*p**2 - 2*p + 0 + 1/12*p**4 - p**y. Calculate s(5).
-2
Let l = 13 - 18. Let k(g) = g**3 + 6*g**2 + 4*g + 4. Give k(l).
9
Let o(d) = d**2 - 7*d + 6. Let w = -1 + 4. Suppose -2 = 3*n - 2*n. Let m = w - n. Determine o(m).
-4
Let h(f) = 3*f - 2*f + 2*f. Suppose 12*c + 9 = 15*c. Suppose -o - 2*o - 10 = -5*r, -5*o = c*r - 6. Calculate h(r).
6
Let k = -7 + 8. Let t = k + 3. Let f(x) = 13*x - 15. Let w(y) = 7*y - 8. Let s(q) = 4*f(q) - 7*w(q). Determine s(t).
8
Let u = -25 - -22. Let q(r) = -4*r**3 - r**2 - 16*r - 10. Let l(a) = -3*a**3 - a**2 - 11*a - 7. Let t(s) = 7*l(s) - 5*q(s). Calculate t(u).
1
Let k(t) = -t + 1. Let h(p) = -6. Let x(y) = -h(y) - 5*k(y). Let f